+ 2*f - 4. Let a be y(-2). Suppose a = -767*c + 774*c - 4830. What are the prime factors of c?
2, 3, 5, 23
Suppose -n + 199 = 2*b + 29, 0 = 2*n. Let o(i) = 23 - 11 + b*i - 94*i + 11 + 4*i**2. List the prime factors of o(7).
2, 3, 13
Let v(w) = w - 4. Let c be v(13). Suppose 1546 = -c*u + 97. Let y = u - -314. What are the prime factors of y?
3, 17
Suppose -5*i - 5*b = -2*i - 32, 2*i + 2*b = 16. Suppose -7*k = -i*k - 921. Suppose 2*h = 3*c + k, 5*h = 2*c - 0*c + 773. What are the prime factors of h?
5, 31
Suppose -214533 = -5*i + z + 20838, -i = -4*z - 47078. List the prime factors of i.
2, 23537
Suppose 6*f = f + g + 35, -2*f + 21 = g. Let v(r) = -2*r + 15*r + 50 + r. List the prime factors of v(f).
2, 3
Suppose -6857 = 16*l + 4711. Let u = -478 - l. List the prime factors of u.
5, 7
List the prime factors of (-16153 - 7)/(-8) + -8 + 1.
3, 11, 61
Suppose -3*s + 5 = 2*s, 5*s - 5 = 4*h. Suppose h = -2*m + x + 842, m + 24*x - 22*x - 411 = 0. List the prime factors of m.
419
Let o(r) = 25*r**2 - 35*r + 1075. What are the prime factors of o(28)?
3, 5, 13, 101
Let a(k) = k**3 - 12*k**2 - 19*k + 12. Let y be a(12). Let r = y - -486. What are the prime factors of r?
2, 3, 5
List the prime factors of (-8)/(-76) - ((-633435)/57 - (0 + 4)).
11117
Let z be (-21)/(-6)*32/28. Suppose z*b - 741 + 101 = 0. List the prime factors of b.
2, 5
Suppose 52 = 5*s - 4*x, 2*s + 2 = 3*s + 2*x. Let y be 170/(-40) - (-2)/s - -7. Suppose -y*q - 243 = -12*q. What are the prime factors of q?
3
Suppose -28*n = -69*n + 58507. List the prime factors of n.
1427
Let b(l) = 5*l - 1. Let t(x) = -26*x + 44. Let q(r) = 12*b(r) - t(r). List the prime factors of q(4).
2, 3
Suppose 164*l = -167*l + 323*l + 119472. What are the prime factors of l?
2, 3, 19, 131
Let g(f) = -f**3 - 38*f**2 - 49*f - 48. Let a be g(-36). Let z = 2207 + a. List the prime factors of z.
11
Let z(s) = s**2 + 6*s - 7. Let n be z(-5). What are the prime factors of 16/n*699/(-2)?
2, 233
Let r = -827 + 2070. Suppose -7*b = -r - 2271. List the prime factors of b.
2, 251
Let d(k) = -62*k**3 - 11*k**2 + 123*k + 919. List the prime factors of d(-10).
60589
Let m be -8 - 72 - -1 - 10/(-2). Let t = 128 - m. What are the prime factors of t?
2, 101
Suppose 11*o = 4*w + 6*o - 140301, -2*w = 3*o - 70123. What are the prime factors of w?
35069
Suppose -8 = 4*f, 2*o + 0*f + 628 = 3*f. Let v = 361 + o. What are the prime factors of v?
2, 11
Let g(l) = 1481*l - 154. What are the prime factors of g(6)?
2, 37, 59
Suppose -y - 5 = l, -l - 21 = 4*y + y. Let a be (l - 18/4)*-4. Let s = 61 - a. What are the prime factors of s?
3, 13
Suppose 0 = 86*h - 2816392 + 274318. List the prime factors of h.
3, 59, 167
Let h be (-156)/117 - 76/(-3). Suppose h*v - 121 = 1943. List the prime factors of v.
2, 43
Let o(m) = 87*m - 6. Let l = 211 - 208. What are the prime factors of o(l)?
3, 5, 17
Let r = -21 - -24. Suppose 2*u + 49 = 4*a + 3*u, -r*u + 59 = 4*a. Let o = a - -65. What are the prime factors of o?
2, 19
Let r = 46591 - 26078. List the prime factors of r.
73, 281
Let q = -1 + 1. Let p(x) = 9*x**2 - 35*x**2 + 2*x + 9*x**2 + 3 + 14*x**2 + 2*x**2. List the prime factors of p(q).
3
Suppose -5*o - 375 + 2395 = 0. Let y = o - 274. Suppose -9*t - y = -10*t. What are the prime factors of t?
2, 5, 13
Let d = 26 + -23. Let r be -71 + -2 + d + 0. Let k = r - -82. What are the prime factors of k?
2, 3
Let c(z) be the third derivative of -8*z**4/3 - 3*z**3 + 12*z**2 + 3. List the prime factors of c(-2).
2, 5, 11
Let a = -14989 + 35141. List the prime factors of a.
2, 11, 229
Let i(s) = 3*s + 24. Let l be i(-8). Let u(z) be the third derivative of z**4/12 + 59*z**3/3 - 51*z**2. List the prime factors of u(l).
2, 59
Suppose 21*i = -5*y + 19*i + 1877, y - 373 = 2*i. What are the prime factors of y?
3, 5
Suppose 45 - 2817 = -3*k. Suppose 163*a = 157*a + 18. Suppose -8*y = a*y - k. What are the prime factors of y?
2, 3, 7
Let a(m) = -7*m**3 - 5*m**2 + m - 8. Let g(b) = -20*b**3 - 15*b**2 + 2*b - 23. Let q(w) = 8*a(w) - 3*g(w). What are the prime factors of q(4)?
349
Suppose -w + 3*m + 3 = -0*w, 6 = 2*w - 3*m. Suppose -2*j + 162 = w*g, 3*j - 269 = -5*g - 0*g. What are the prime factors of g?
2, 13
Suppose 0*z - 2*z = 4*j - 286, 710 = 5*z + 5*j. Suppose h = -40 + z. List the prime factors of h.
101
Let q be 0/((-2)/(-1) + -1). Suppose 2*p - 20 + 14 = q. Suppose -4*a + 133 = -p*y, -19 = -4*a + 3*a - 4*y. What are the prime factors of a?
31
Let q = -1152 + 2489. Suppose q = 11*h - 3536. List the prime factors of h.
443
Let r = -43 - -890. Let n be (-10)/(7 - (-5 + 13)). Suppose x = -n*x + r. List the prime factors of x.
7, 11
Let x = 192 - 156. Suppose 37*l = x*l + 563. List the prime factors of l.
563
Suppose -2*o = -5*o + 15. Suppose -y - 7 = -3*i, 5*y - 7*y - o*i + 41 = 0. Suppose -452 = y*g - 12*g. List the prime factors of g.
113
What are the prime factors of 4134/(-4)*20*19/(-285)?
2, 13, 53
Let j be (-7 + 6)/1 - (-8)/2. Suppose j*n - 538 = 443. What are the prime factors of n?
3, 109
Suppose -21*n - 3944349 - 2539515 = -262*n. List the prime factors of n.
2, 3, 19, 59
Suppose 2*w - 2*f - 13 = w, 4*w - 2 = -2*f. Let u = 973 + -961. List the prime factors of 288/u*1/w.
2
Let j = 25413 + -4859. What are the prime factors of j?
2, 43, 239
Let c(j) = -3*j**3 - 23*j**2 - 28*j - 97. What are the prime factors of c(-22)?
83, 257
Suppose -l - 306 = -35*l. Suppose -l*m = -1832 - 967. What are the prime factors of m?
311
Suppose -2*z - 22 + 16 = -2*w, 30 = 4*w + 5*z. Suppose -w*y = -6*y + 727. What are the prime factors of y?
727
Suppose 0 = v + 7*v + 776. Suppose -3*k - 88 = k. Let o = k - v. List the prime factors of o.
3, 5
Let q(a) = -1685*a + 9. Let n be 4 - (-4 - -14)*(-5)/(-10). List the prime factors of q(n).
2, 7, 11
Let p = -5004 - -1979. Let n = -1490 - p. What are the prime factors of n?
5, 307
Let x(h) be the second derivative of -8*h**3/3 - 219*h**2/2 - 13*h + 8. What are the prime factors of x(-38)?
389
Suppose -75542 = -12*i - 49562 + 80400. What are the prime factors of i?
3, 5, 197
Let i(x) = -x + 10. Let g be i(7). Let v be (104/(-39))/(1/(-18)). Let j = v + g. List the prime factors of j.
3, 17
Let t(p) = -7*p**2 + 441*p - 200. List the prime factors of t(27).
2, 13, 127
Let j(l) = 4*l**2 - 7 + 39*l - 7*l + 9*l - 8. Let b(f) = 3*f**2 + 27*f - 10. Let z(o) = -7*b(o) + 5*j(o). List the prime factors of z(12).
43
Suppose 0*t + 175 = -7*t. Let s = 25 + t. Suppose s = -7*x + 12*x - 575. What are the prime factors of x?
5, 23
Suppose -81*w + 78*w + 148044 = -3*u, -4*u + 49343 = w. What are the prime factors of w?
3, 5483
Let l(v) = -v**3 + 15*v**2 - 32*v - 89. List the prime factors of l(-12).
47, 89
Let h(q) = -q**3 - 12*q**2 - 23*q - 25. Let u be h(-10). Suppose 4*d - 2*s = 3*s + 291, -4*s = -u*d + 375. What are the prime factors of d?
79
Let x(n) = 6*n + 42. Let h be x(-5). What are the prime factors of 4115/15 - (1 + (-20)/h)?
5, 11
Suppose 30*x - 29125 = -11*x + 16*x. What are the prime factors of x?
5, 233
Suppose 39*s = 42*s. Let i(b) = b**3 - 5*b**2 + 7*b - 14. Let y be i(4). List the prime factors of (s/y + 50)/((-2)/(-2)).
2, 5
Let i(b) = -9*b + 80. Let o(d) = 27*d - 240. Let q(j) = 17*i(j) + 6*o(j). List the prime factors of q(33).
7, 31
What are the prime factors of (1/3)/((112/(-6867))/(-16))?
3, 109
Suppose -7*m + 16*m = 11*m. Suppose -4*y + 2368 = 2*r - 6*r, y - 3*r - 590 = m. What are the prime factors of y?
593
Let y be ((-12)/14)/(2/28). Let r be 126 + (-4)/y*6. Suppose -4*u + 71 = 3*j - 141, 2*j - r = 4*u. List the prime factors of j.
2, 17
Let b = -6834 + 23181. List the prime factors of b.
3, 5449
Let s(v) = 2*v**3 - 15*v**2 + 54*v - 19. What are the prime factors of s(14)?
3, 5, 73
Let v(y) = 4*y - 13. Let f = 20 + -11. Let m be v(f). Let u = 73 - m. What are the prime factors of u?
2, 5
Let h(r) = r - 2. Let y(s) = -69*s + 56. Let a(b) = 5*h(b) + y(b). List the prime factors of a(-5).
2, 3, 61
Suppose 168515 + 237219 = 73*j. What are the prime factors of j?
2, 7, 397
Let t = 35 - 7. Suppose z + 0*z = -5*i + t, 5*z = 3*i. Suppose z*r - 126 + 24 = 0. List the prime factors of r.
2, 17
Suppose 2*r - 3*f + 3893 = 18415, 5*r + f - 36339 = 0. What are the prime factors of r?
13, 43
Suppose -k = p - 56, 0*k + 4*k = 3*p + 217. Li